{"id":1759,"date":"2024-07-26T06:44:43","date_gmt":"2024-07-26T06:44:43","guid":{"rendered":"https:\/\/packafrica.org\/?page_id=1759"},"modified":"2024-09-11T13:39:06","modified_gmt":"2024-09-11T13:39:06","slug":"presentation","status":"publish","type":"page","link":"https:\/\/packafrica.org\/fr\/presentation\/","title":{"rendered":"PRESENTATION"},"content":{"rendered":"<div data-elementor-type=\"wp-page\" data-elementor-id=\"1759\" class=\"elementor elementor-1759\" data-elementor-post-type=\"page\">\n\t\t\t\t\t\t<section class=\"elementor-section elementor-top-section elementor-element elementor-element-8be86bd elementor-section-boxed elementor-section-height-default elementor-section-height-default\" data-id=\"8be86bd\" data-element_type=\"section\" data-e-type=\"section\" data-settings=\"{&quot;background_background&quot;:&quot;classic&quot;}\">\n\t\t\t\t\t\t\t<div class=\"elementor-background-overlay\"><\/div>\n\t\t\t\t\t\t\t<div class=\"elementor-container elementor-column-gap-default\">\n\t\t\t\t\t<div class=\"elementor-column elementor-col-100 elementor-top-column elementor-element elementor-element-3d33b84\" data-id=\"3d33b84\" data-element_type=\"column\" data-e-type=\"column\">\n\t\t\t<div class=\"elementor-widget-wrap elementor-element-populated\">\n\t\t\t\t\t\t<div class=\"elementor-element elementor-element-faba229 elementor-widget elementor-widget-heading\" data-id=\"faba229\" data-element_type=\"widget\" data-e-type=\"widget\" data-widget_type=\"heading.default\">\n\t\t\t\t<div class=\"elementor-widget-container\">\n\t\t\t\t\t<h1 class=\"elementor-heading-title elementor-size-default\">PRESENTATION<\/h1>\t\t\t\t<\/div>\n\t\t\t\t<\/div>\n\t\t\t\t\t<\/div>\n\t\t<\/div>\n\t\t\t\t\t<\/div>\n\t\t<\/section>\n\t\t<div class=\"elementor-element elementor-element-6dd77f9 e-flex e-con-boxed e-con e-parent\" data-id=\"6dd77f9\" data-element_type=\"container\" data-e-type=\"container\" data-settings=\"{&quot;background_background&quot;:&quot;classic&quot;}\">\n\t\t\t\t\t<div class=\"e-con-inner\">\n\t\t\t\t<div class=\"elementor-element elementor-element-c48e880 elementor-widget elementor-widget-text-editor\" data-id=\"c48e880\" data-element_type=\"widget\" data-e-type=\"widget\" data-widget_type=\"text-editor.default\">\n\t\t\t\t<div class=\"elementor-widget-container\">\n\t\t\t\t\t\t\t\t\t<p class=\"translation-block\"><strong>PACKAFRICA<\/strong> est un salon international initi\u00e9 par le Cameroun avec des participants et partenaires venus de divers horizons ( local, r\u00e9gional, continental et international) pour faciliter l\u2019acc\u00e8s aux innovations en mati\u00e8re de conditionnement, d\u2019emballage, de transport et de logistique afin d\u2019am\u00e9liorer la productivit\u00e9 des PMEs Africaines et booster la distribution et la consommation de leurs produits, en t\u00eate ceux provenant de la transformation de mati\u00e8res premi\u00e8res locales alimentaires et non alimentaires.\n<br><strong>PACKAFRICA<\/strong>  encourage aussi l'am\u00e9lioration de la transformation des mati\u00e8res premi\u00e8res locales en produits de consommation dans un rayon de vente et de consommation toujours plus large.<\/p>\t\t\t\t\t\t\t\t<\/div>\n\t\t\t\t<\/div>\n\t\t\t\t<div class=\"elementor-element elementor-element-ac2f073 elementor-widget elementor-widget-heading\" data-id=\"ac2f073\" data-element_type=\"widget\" data-e-type=\"widget\" data-widget_type=\"heading.default\">\n\t\t\t\t<div class=\"elementor-widget-container\">\n\t\t\t\t\t<h2 class=\"elementor-heading-title elementor-size-default\">FICHE SIGNALETIQUE DU SALON<\/h2>\t\t\t\t<\/div>\n\t\t\t\t<\/div>\n\t\t\t\t<div class=\"elementor-element elementor-element-7acfced elementor-widget elementor-widget-text-editor\" data-id=\"7acfced\" data-element_type=\"widget\" data-e-type=\"widget\" data-widget_type=\"text-editor.default\">\n\t\t\t\t<div class=\"elementor-widget-container\">\n\t\t\t\t\t\t\t\t\t<ul><li><strong>Nom de l'\u00e9v\u00e8nement<\/strong>: PACKAFRICA<\/li><li>Grand rassemblement professionnel et promotionnel du gouvernement camerounais<\/li><li><strong>Date:<\/strong> Du 26 juillet au 03 Aout 2025 (1\u00e8re \u00e9dition)<\/li><li><strong>Lieu<\/strong> Palais des Congr\u00e8s de Yaound\u00e9<\/li><li><strong>Haut patronage<\/strong>\u00a0 le Pr\u00e9sident de la R\u00e9publique du Cameroun<\/li><li><strong> Mandat du gouvernement<\/strong> Le Ministre du Commerce<\/li><li><strong>Partenaire de l'organisation<\/strong> Le Ministre des Petites et Moyennes Entreprises, de l'Economie Sociale et l'Artisanat<\/li><li><strong>Partenaire Pr\u00e9mium<\/strong> : ACCESS BANK<\/li><li><strong>Partenaire Officiel<\/strong> : AFREXIMBANK<\/li><li><strong>Organisateur Mandat\u00e9<\/strong> Foundation Internationale Inter-Progress<\/li><\/ul>\t\t\t\t\t\t\t\t<\/div>\n\t\t\t\t<\/div>\n\t\t\t\t\t<\/div>\n\t\t\t\t<\/div>\n\t\t\t\t<\/div>","protected":false},"excerpt":{"rendered":"<p>PACKAFRICA is an international trade fair initiated by Cameroon with participants and partners from various horizons (local, regional, continental and international) to facilitate access to innovations in packaging, transport and [&hellip;]<\/p>\n","protected":false},"author":2,"featured_media":0,"parent":0,"menu_order":0,"comment_status":"closed","ping_status":"closed","template":"elementor_header_footer","meta":{"footnotes":""},"class_list":["post-1759","page","type-page","status-publish","hentry"],"yoast_head":"<!-- This site is optimized with the Yoast SEO plugin v27.1.1 - https:\/\/yoast.com\/product\/yoast-seo-wordpress\/ -->\n<title>PRESENTATION - PACKAFRICA<\/title>\n<meta name=\"robots\" content=\"index, follow, max-snippet:-1, max-image-preview:large, max-video-preview:-1\" \/>\n<link rel=\"canonical\" href=\"https:\/\/packafrica.org\/fr\/presentation\/\" \/>\n<meta property=\"og:locale\" content=\"fr_FR\" \/>\n<meta property=\"og:type\" content=\"article\" \/>\n<meta property=\"og:title\" content=\"PRESENTATION - PACKAFRICA\" \/>\n<meta property=\"og:description\" content=\"PACKAFRICA is an international trade fair initiated by Cameroon with participants and partners from various horizons (local, regional, continental and international) to facilitate access to innovations in packaging, transport and [&hellip;]\" \/>\n<meta property=\"og:url\" content=\"https:\/\/packafrica.org\/fr\/presentation\/\" \/>\n<meta property=\"og:site_name\" content=\"PACKAFRICA\" \/>\n<meta property=\"article:publisher\" content=\"https:\/\/web.facebook.com\/PackAfrica2025\/?_rdc=1&amp;_rdr\" \/>\n<meta property=\"article:modified_time\" content=\"2024-09-11T13:39:06+00:00\" \/>\n<meta property=\"og:image\" content=\"https:\/\/packafrica.org\/wp-content\/uploads\/2024\/08\/WhatsApp-Image-2024-08-27-a-20.00.38_49638537.webp\" \/>\n\t<meta property=\"og:image:width\" content=\"794\" \/>\n\t<meta property=\"og:image:height\" content=\"1123\" \/>\n\t<meta property=\"og:image:type\" content=\"image\/webp\" \/>\n<meta name=\"twitter:card\" content=\"summary_large_image\" \/>\n<meta name=\"twitter:site\" content=\"@PackAfrica237\" \/>\n<meta name=\"twitter:label1\" content=\"Dur\u00e9e de lecture estim\u00e9e\" \/>\n\t<meta name=\"twitter:data1\" content=\"1 minute\" \/>\n<script type=\"application\/ld+json\" class=\"yoast-schema-graph\">{\"@context\":\"https:\/\/schema.org\",\"@graph\":[{\"@type\":\"WebPage\",\"@id\":\"https:\/\/packafrica.org\/presentation\/\",\"url\":\"https:\/\/packafrica.org\/presentation\/\",\"name\":\"PRESENTATION - PACKAFRICA\",\"isPartOf\":{\"@id\":\"https:\/\/packafrica.org\/#website\"},\"datePublished\":\"2024-07-26T06:44:43+00:00\",\"dateModified\":\"2024-09-11T13:39:06+00:00\",\"breadcrumb\":{\"@id\":\"https:\/\/packafrica.org\/presentation\/#breadcrumb\"},\"inLanguage\":\"fr-FR\",\"potentialAction\":[{\"@type\":\"ReadAction\",\"target\":[\"https:\/\/packafrica.org\/presentation\/\"]}]},{\"@type\":\"BreadcrumbList\",\"@id\":\"https:\/\/packafrica.org\/presentation\/#breadcrumb\",\"itemListElement\":[{\"@type\":\"ListItem\",\"position\":1,\"name\":\"Accueil\",\"item\":\"https:\/\/packafrica.org\/\"},{\"@type\":\"ListItem\",\"position\":2,\"name\":\"PRESENTATION\"}]},{\"@type\":\"WebSite\",\"@id\":\"https:\/\/packafrica.org\/#website\",\"url\":\"https:\/\/packafrica.org\/\",\"name\":\"PACKAFRICA\",\"description\":\"INTERNATIONAL TRADE SHOW FOR PACKAGING, LOGISTICS AND TRANSPORT PROFESSIONALS\",\"publisher\":{\"@id\":\"https:\/\/packafrica.org\/#organization\"},\"potentialAction\":[{\"@type\":\"SearchAction\",\"target\":{\"@type\":\"EntryPoint\",\"urlTemplate\":\"https:\/\/packafrica.org\/?s={search_term_string}\"},\"query-input\":{\"@type\":\"PropertyValueSpecification\",\"valueRequired\":true,\"valueName\":\"search_term_string\"}}],\"inLanguage\":\"fr-FR\"},{\"@type\":\"Organization\",\"@id\":\"https:\/\/packafrica.org\/#organization\",\"name\":\"PACKAFRICA\",\"url\":\"https:\/\/packafrica.org\/\",\"logo\":{\"@type\":\"ImageObject\",\"inLanguage\":\"fr-FR\",\"@id\":\"https:\/\/packafrica.org\/#\/schema\/logo\/image\/\",\"url\":\"https:\/\/packafrica.org\/wp-content\/uploads\/2024\/07\/logo-PACK-AFRICA-revise.png\",\"contentUrl\":\"https:\/\/packafrica.org\/wp-content\/uploads\/2024\/07\/logo-PACK-AFRICA-revise.png\",\"width\":3048,\"height\":3048,\"caption\":\"PACKAFRICA\"},\"image\":{\"@id\":\"https:\/\/packafrica.org\/#\/schema\/logo\/image\/\"},\"sameAs\":[\"https:\/\/web.facebook.com\/PackAfrica2025\/?_rdc=1&_rdr\",\"https:\/\/x.com\/PackAfrica237\",\"https:\/\/www.linkedin.com\/in\/packafrica-cameroun-aa4238320\/\"]}]}<\/script>\n<!-- \/ Yoast SEO plugin. -->","yoast_head_json":{"title":"PRESENTATION - PACKAFRICA","robots":{"index":"index","follow":"follow","max-snippet":"max-snippet:-1","max-image-preview":"max-image-preview:large","max-video-preview":"max-video-preview:-1"},"canonical":"https:\/\/packafrica.org\/fr\/presentation\/","og_locale":"fr_FR","og_type":"article","og_title":"PRESENTATION - PACKAFRICA","og_description":"PACKAFRICA is an international trade fair initiated by Cameroon with participants and partners from various horizons (local, regional, continental and international) to facilitate access to innovations in packaging, transport and [&hellip;]","og_url":"https:\/\/packafrica.org\/fr\/presentation\/","og_site_name":"PACKAFRICA","article_publisher":"https:\/\/web.facebook.com\/PackAfrica2025\/?_rdc=1&_rdr","article_modified_time":"2024-09-11T13:39:06+00:00","og_image":[{"width":794,"height":1123,"url":"https:\/\/packafrica.org\/wp-content\/uploads\/2024\/08\/WhatsApp-Image-2024-08-27-a-20.00.38_49638537.webp","type":"image\/webp"}],"twitter_card":"summary_large_image","twitter_site":"@PackAfrica237","twitter_misc":{"Dur\u00e9e de lecture estim\u00e9e":"1 minute"},"schema":{"@context":"https:\/\/schema.org","@graph":[{"@type":"WebPage","@id":"https:\/\/packafrica.org\/presentation\/","url":"https:\/\/packafrica.org\/presentation\/","name":"PRESENTATION - PACKAFRICA","isPartOf":{"@id":"https:\/\/packafrica.org\/#website"},"datePublished":"2024-07-26T06:44:43+00:00","dateModified":"2024-09-11T13:39:06+00:00","breadcrumb":{"@id":"https:\/\/packafrica.org\/presentation\/#breadcrumb"},"inLanguage":"fr-FR","potentialAction":[{"@type":"ReadAction","target":["https:\/\/packafrica.org\/presentation\/"]}]},{"@type":"BreadcrumbList","@id":"https:\/\/packafrica.org\/presentation\/#breadcrumb","itemListElement":[{"@type":"ListItem","position":1,"name":"Accueil","item":"https:\/\/packafrica.org\/"},{"@type":"ListItem","position":2,"name":"PRESENTATION"}]},{"@type":"WebSite","@id":"https:\/\/packafrica.org\/#website","url":"https:\/\/packafrica.org\/","name":"PACKAFRICA","description":"INTERNATIONAL TRADE SHOW FOR PACKAGING, LOGISTICS AND TRANSPORT PROFESSIONALS","publisher":{"@id":"https:\/\/packafrica.org\/#organization"},"potentialAction":[{"@type":"SearchAction","target":{"@type":"EntryPoint","urlTemplate":"https:\/\/packafrica.org\/?s={search_term_string}"},"query-input":{"@type":"PropertyValueSpecification","valueRequired":true,"valueName":"search_term_string"}}],"inLanguage":"fr-FR"},{"@type":"Organization","@id":"https:\/\/packafrica.org\/#organization","name":"PACKAFRICA","url":"https:\/\/packafrica.org\/","logo":{"@type":"ImageObject","inLanguage":"fr-FR","@id":"https:\/\/packafrica.org\/#\/schema\/logo\/image\/","url":"https:\/\/packafrica.org\/wp-content\/uploads\/2024\/07\/logo-PACK-AFRICA-revise.png","contentUrl":"https:\/\/packafrica.org\/wp-content\/uploads\/2024\/07\/logo-PACK-AFRICA-revise.png","width":3048,"height":3048,"caption":"PACKAFRICA"},"image":{"@id":"https:\/\/packafrica.org\/#\/schema\/logo\/image\/"},"sameAs":["https:\/\/web.facebook.com\/PackAfrica2025\/?_rdc=1&_rdr","https:\/\/x.com\/PackAfrica237","https:\/\/www.linkedin.com\/in\/packafrica-cameroun-aa4238320\/"]}]}},"_links":{"self":[{"href":"https:\/\/packafrica.org\/fr\/wp-json\/wp\/v2\/pages\/1759","targetHints":{"allow":["GET"]}}],"collection":[{"href":"https:\/\/packafrica.org\/fr\/wp-json\/wp\/v2\/pages"}],"about":[{"href":"https:\/\/packafrica.org\/fr\/wp-json\/wp\/v2\/types\/page"}],"author":[{"embeddable":true,"href":"https:\/\/packafrica.org\/fr\/wp-json\/wp\/v2\/users\/2"}],"replies":[{"embeddable":true,"href":"https:\/\/packafrica.org\/fr\/wp-json\/wp\/v2\/comments?post=1759"}],"version-history":[{"count":0,"href":"https:\/\/packafrica.org\/fr\/wp-json\/wp\/v2\/pages\/1759\/revisions"}],"wp:attachment":[{"href":"https:\/\/packafrica.org\/fr\/wp-json\/wp\/v2\/media?parent=1759"}],"curies":[{"name":"wp","href":"https:\/\/api.w.org\/{rel}","templated":true}]}}

<div data-elementor-type="wp-page" data-elementor-id="1759" class="elementor elementor-1759" data-elementor-post-type="page">
						<section class="elementor-section elementor-top-section elementor-element elementor-element-8be86bd elementor-section-boxed elementor-section-height-default elementor-section-height-default" data-id="8be86bd" data-element_type="section" data-e-type="section" data-settings="{&quot;background_background&quot;:&quot;classic&quot;}">
							<div class="elementor-background-overlay"></div>
							<div class="elementor-container elementor-column-gap-default">
					<div class="elementor-column elementor-col-100 elementor-top-column elementor-element elementor-element-3d33b84" data-id="3d33b84" data-element_type="column" data-e-type="column">
			<div class="elementor-widget-wrap elementor-element-populated">
						<div class="elementor-element elementor-element-faba229 elementor-widget elementor-widget-heading" data-id="faba229" data-element_type="widget" data-e-type="widget" data-widget_type="heading.default">
				<div class="elementor-widget-container">
					<h1 class="elementor-heading-title elementor-size-default">PRESENTATION</h1>				</div>
				</div>
					</div>
		</div>
					</div>
		</section>
		<div class="elementor-element elementor-element-6dd77f9 e-flex e-con-boxed e-con e-parent" data-id="6dd77f9" data-element_type="container" data-e-type="container" data-settings="{&quot;background_background&quot;:&quot;classic&quot;}">
					<div class="e-con-inner">
				<div class="elementor-element elementor-element-c48e880 elementor-widget elementor-widget-text-editor" data-id="c48e880" data-element_type="widget" data-e-type="widget" data-widget_type="text-editor.default">
				<div class="elementor-widget-container">
									<p class="translation-block"><strong>PACKAFRICA</strong> est un salon international initié par le Cameroun avec des participants et partenaires venus de divers horizons ( local, régional, continental et international) pour faciliter l’accès aux innovations en matière de conditionnement, d’emballage, de transport et de logistique afin d’améliorer la productivité des PMEs Africaines et booster la distribution et la consommation de leurs produits, en tête ceux provenant de la transformation de matières premières locales alimentaires et non alimentaires.
<br><strong>PACKAFRICA</strong>  encourage aussi l'amélioration de la transformation des matières premières locales en produits de consommation dans un rayon de vente et de consommation toujours plus large.</p>								</div>
				</div>
				<div class="elementor-element elementor-element-ac2f073 elementor-widget elementor-widget-heading" data-id="ac2f073" data-element_type="widget" data-e-type="widget" data-widget_type="heading.default">
				<div class="elementor-widget-container">
					<h2 class="elementor-heading-title elementor-size-default">FICHE SIGNALETIQUE DU SALON</h2>				</div>
				</div>
				<div class="elementor-element elementor-element-7acfced elementor-widget elementor-widget-text-editor" data-id="7acfced" data-element_type="widget" data-e-type="widget" data-widget_type="text-editor.default">
				<div class="elementor-widget-container">
									<ul><li><strong>Nom de l'évènement</strong>: PACKAFRICA</li><li>Grand rassemblement professionnel et promotionnel du gouvernement camerounais</li><li><strong>Date:</strong> Du 26 juillet au 03 Aout 2025 (1ère édition)</li><li><strong>Lieu</strong> Palais des Congrès de Yaoundé</li><li><strong>Haut patronage</strong>  le Président de la République du Cameroun</li><li><strong> Mandat du gouvernement</strong> Le Ministre du Commerce</li><li><strong>Partenaire de l'organisation</strong> Le Ministre des Petites et Moyennes Entreprises, de l'Economie Sociale et l'Artisanat</li><li><strong>Partenaire Prémium</strong> : ACCESS BANK</li><li><strong>Partenaire Officiel</strong> : AFREXIMBANK</li><li><strong>Organisateur Mandaté</strong> Foundation Internationale Inter-Progress</li></ul>								</div>
				</div>
					</div>
				</div>
				</div>

<!-- This site is optimized with the Yoast SEO plugin v27.1.1 - https://yoast.com/product/yoast-seo-wordpress/ -->
<title>PRESENTATION - PACKAFRICA</title>
<meta name="robots" content="index, follow, max-snippet:-1, max-image-preview:large, max-video-preview:-1" />
<link rel="canonical" href="https://packafrica.org/fr/presentation/" />
<meta property="og:locale" content="fr_FR" />
<meta property="og:type" content="article" />
<meta property="og:title" content="PRESENTATION - PACKAFRICA" />
<meta property="og:description" content="PACKAFRICA is an international trade fair initiated by Cameroon with participants and partners from various horizons (local, regional, continental and international) to facilitate access to innovations in packaging, transport and [&hellip;]" />
<meta property="og:url" content="https://packafrica.org/fr/presentation/" />
<meta property="og:site_name" content="PACKAFRICA" />
<meta property="article:publisher" content="https://web.facebook.com/PackAfrica2025/?_rdc=1&amp;_rdr" />
<meta property="article:modified_time" content="2024-09-11T13:39:06+00:00" />
<meta property="og:image" content="https://packafrica.org/wp-content/uploads/2024/08/WhatsApp-Image-2024-08-27-a-20.00.38_49638537.webp" />
	<meta property="og:image:width" content="794" />
	<meta property="og:image:height" content="1123" />
	<meta property="og:image:type" content="image/webp" />
<meta name="twitter:card" content="summary_large_image" />
<meta name="twitter:site" content="@PackAfrica237" />
<meta name="twitter:label1" content="Durée de lecture estimée" />
	<meta name="twitter:data1" content="1 minute" />
<script type="application/ld+json" class="yoast-schema-graph">{"@context":"https://schema.org","@graph":[{"@type":"WebPage","@id":"https://packafrica.org/presentation/","url":"https://packafrica.org/presentation/","name":"PRESENTATION - PACKAFRICA","isPartOf":{"@id":"https://packafrica.org/#website"},"datePublished":"2024-07-26T06:44:43+00:00","dateModified":"2024-09-11T13:39:06+00:00","breadcrumb":{"@id":"https://packafrica.org/presentation/#breadcrumb"},"inLanguage":"fr-FR","potentialAction":[{"@type":"ReadAction","target":["https://packafrica.org/presentation/"]}]},{"@type":"BreadcrumbList","@id":"https://packafrica.org/presentation/#breadcrumb","itemListElement":[{"@type":"ListItem","position":1,"name":"Accueil","item":"https://packafrica.org/"},{"@type":"ListItem","position":2,"name":"PRESENTATION"}]},{"@type":"WebSite","@id":"https://packafrica.org/#website","url":"https://packafrica.org/","name":"PACKAFRICA","description":"INTERNATIONAL TRADE SHOW FOR PACKAGING, LOGISTICS AND TRANSPORT PROFESSIONALS","publisher":{"@id":"https://packafrica.org/#organization"},"potentialAction":[{"@type":"SearchAction","target":{"@type":"EntryPoint","urlTemplate":"https://packafrica.org/?s={search_term_string}"},"query-input":{"@type":"PropertyValueSpecification","valueRequired":true,"valueName":"search_term_string"}}],"inLanguage":"fr-FR"},{"@type":"Organization","@id":"https://packafrica.org/#organization","name":"PACKAFRICA","url":"https://packafrica.org/","logo":{"@type":"ImageObject","inLanguage":"fr-FR","@id":"https://packafrica.org/#/schema/logo/image/","url":"https://packafrica.org/wp-content/uploads/2024/07/logo-PACK-AFRICA-revise.png","contentUrl":"https://packafrica.org/wp-content/uploads/2024/07/logo-PACK-AFRICA-revise.png","width":3048,"height":3048,"caption":"PACKAFRICA"},"image":{"@id":"https://packafrica.org/#/schema/logo/image/"},"sameAs":["https://web.facebook.com/PackAfrica2025/?_rdc=1&_rdr","https://x.com/PackAfrica237","https://www.linkedin.com/in/packafrica-cameroun-aa4238320/"]}]}</script>
<!-- / Yoast SEO plugin. -->
